{"id":52,"date":"2025-09-17T14:01:15","date_gmt":"2025-09-17T14:01:15","guid":{"rendered":"https:\/\/bibleleaguesto.wpengine.com\/?product=biblia-de-la-libertad"},"modified":"2026-02-02T14:54:42","modified_gmt":"2026-02-02T14:54:42","slug":"biblia-de-la-libertad","status":"publish","type":"product","link":"https:\/\/store.bibleleague.org\/?product=biblia-de-la-libertad","title":{"rendered":"Biblia de la libertad"},"content":{"rendered":"<p>La Liga B\u00edblica Internacional anhela que toda persona conozca a Jes\u00fas por medio del mensaje de la Biblia. En estas lecciones enfocamos las cosas que los seguidores de Jes\u00fas tienen en com\u00fan. Aqu\u00ed encontrar\u00e1s una gu\u00eda muy pr\u00e1ctica para vivir la vida cristiana en la c\u00e1rcel y tambi\u00e9n una vez en libertad.<\/p>\n","protected":false},"excerpt":{"rendered":"<p>La Liga B\u00edblica Internacional anhela que toda persona conozca a Jes\u00fas por medio del mensaje de la Biblia. En estas lecciones enfocamos las cosas que los seguidores de Jes\u00fas tienen en com\u00fan. Aqu\u00ed encontrar\u00e1s una gu\u00eda muy pr\u00e1ctica para vivir la vida cristiana en la c\u00e1rcel y tambi\u00e9n una vez en libertad.<\/p>\n","protected":false},"featured_media":160,"template":"","meta":[],"product_brand":[],"product_cat":[21,119,118],"product_tag":[],"class_list":{"0":"post-52","1":"product","2":"type-product","3":"status-publish","4":"has-post-thumbnail","6":"product_cat-erv-bibles","7":"product_cat-erv-other-languages","8":"product_cat-erv-prison","10":"first","11":"instock","12":"shipping-taxable","13":"product-type-external"},"_links":{"self":[{"href":"https:\/\/store.bibleleague.org\/index.php?rest_route=\/wp\/v2\/product\/52","targetHints":{"allow":["GET"]}}],"collection":[{"href":"https:\/\/store.bibleleague.org\/index.php?rest_route=\/wp\/v2\/product"}],"about":[{"href":"https:\/\/store.bibleleague.org\/index.php?rest_route=\/wp\/v2\/types\/product"}],"wp:featuredmedia":[{"embeddable":true,"href":"https:\/\/store.bibleleague.org\/index.php?rest_route=\/wp\/v2\/media\/160"}],"wp:attachment":[{"href":"https:\/\/store.bibleleague.org\/index.php?rest_route=%2Fwp%2Fv2%2Fmedia&parent=52"}],"wp:term":[{"taxonomy":"product_brand","embeddable":true,"href":"https:\/\/store.bibleleague.org\/index.php?rest_route=%2Fwp%2Fv2%2Fproduct_brand&post=52"},{"taxonomy":"product_cat","embeddable":true,"href":"https:\/\/store.bibleleague.org\/index.php?rest_route=%2Fwp%2Fv2%2Fproduct_cat&post=52"},{"taxonomy":"product_tag","embeddable":true,"href":"https:\/\/store.bibleleague.org\/index.php?rest_route=%2Fwp%2Fv2%2Fproduct_tag&post=52"}],"curies":[{"name":"wp","href":"https:\/\/api.w.org\/{rel}","templated":true}]}}